 - 22 - -48 - 25.
4
What is 77 + (-10 + 24 - 63)?
28
What is 61 + -8 + -1 + -26?
26
What is the value of -1 + 7 - (-14 - (16 - 10) - 7)?
33
Calculate ((-10 - -18) + -6 - 17 - 5) + 2.
-18
What is -20 - (16 - 15 - 17) - -17?
13
What is 7 - ((8 - 8) + 17 + -29 + -2)?
21
What is (17 + -3 - (46 - 32)) + (-1 - -8)?
7
What is 2 - 4 - -10 - (-410 - -392)?
26
Calculate (58 + (8 - (0 + 10)) - -7) + 66 + -55.
74
Calculate -2 + (9 - 14) + 68 + 5 + (-6 - -6).
66
Calculate -7 - (0 + 0 + 3) - (-30 + -9 + 5).
24
Evaluate 149 - 10 - 117 - (-33 - 1).
56
Calculate -18 - (-47 + -4) - -33.
66
Evaluate 4 + (-3 - (5 + (3 - 5) + -109 + 110)).
-3
What is the value of -39 + -3 - (-118 + -112 + 126)?
62
What is the value of 4 - (-19 + 57) - -24?
-10
Calculate 41 - -1 - (1140 + -1099).
1
What is (-741 - -729) + (10 - 1 - -1) + -7 + 75?
66
Calculate (1 - 31 - (1173 - 1276)) + 2.
75
Calculate -64 - (41 + -6 - (-45 - -75)).
-69
Evaluate 1 + -18 + (-84 + 209 - 37).
71
What is 145 + (-39 - (51 - 20))?
75
What is (3 - -30) + 55 + -42?
46
Evaluate -20 + (-13 + (-25 - -29) - -16) + (-3 - -54).
38
What is 47 + -64 + (-8 - -20 - -9)?
4
Calculate -66 - (-57 - -24) - -76.
43
Evaluate 5 + -62 - (-317 - -280).
-20
Evaluate (-6707 - -6762) + -2 + 51.
104
What is -3 + 26 + -68 + (-9 - (-5 - (3 - 8)))?
-54
What is the value of -1 + 3 - 10 - (-8 - -8) - -5?
-3
What is the value of 188 + -189 + 6 + 1 + -1 - 44?
-39
12 + -6 + (-5 + (10 - 15 - -9) - 22)
-17
What is the value of -3 + -3 + 19 - ((-4 - -7) + 16)?
-6
What is the value of 23 - (9 - (-28 + -9)) - 87?
-110
Evaluate 11 + 46 - -34 - (-12 + 19).
84
Calculate (1 - 4) + 25 + (15 - 49) + -48.
-60
What is the value of 55 + -1 - (13 + -19 + 23 + -13 + -2)?
52
What is the value of 13 + -1 + (40 + -18 - 6 - -55) + -12?
71
Calculate 38 + 140 + -145 + -2 + -1 + 2 + -1.
31
What is (8 - -5) + 0 + (-6 - (9 - -10))?
-12
What is the value of (-1173 - -1153) + 66 + -2?
44
Calculate ((44 - 15) + -26 - 19) + (-1 - -11) + 5.
-1
What is -26 + 1 + 1 - (6 - 2 - 18)?
-10
What is the value of (-5 + -8 - 24) + (11 - 11 - -2)?
-35
8961 - 8909 - (-8 - 1)
61
Calculate 1 - 2 - (-1331 + 1362).
-32
Evaluate 3 + 2 + 3 - (-1 + (-17 - -28)).
-2
What is -5 - (-29 + -6 + -90 + 51)?
69
What is -6996 + 6882 + 27 + -4 + 2?
-89
What is the value of (-10 - -24 - 23 - -20) + 6 + (-22 - -11)?
6
Evaluate 8 - 26 - -10 - (30 + -5 - (-9 + 2)).
-40
Calculate 8 + -14 + 8 + (-14 - -52).
40
Evaluate (-3 - -10) + 0 + (108 - (26 - (22 + -5))).
106
What is the value of (-3 - 66) + -1542 + 1630?
19
Evaluate (-2 - 31) + 227 + 99 + -284.
9
-46 + 18 + (21 - (1 - -6))
-14
Evaluate 108 + (78 - 24 - 72).
90
-7 + (-19 - (11 + 12 + -43))
-6
What is the value of (-2 + 20 - 3) + (-4 - 39)?
-28
(49 - -34) + (-66 - -5)
22
Evaluate 31 + (-5 - (29 + -41)) + 62.
100
What is 21 + -19 + (13 - (-58 - 1)) + 10?
84
Calculate -940 + 1042 - (0 - -13) - (2 - 6).
93
Calculate -59 + (1 - -155) + 13.
110
Evaluate 0 + 7 + -4 + 10 + -5 + (-28 - 0).
-20
What is the value of 19 - (3 + -2 + -145 + 148)?
15
What is -30 - (12 - (-18 - -41))?
-19
Evaluate -15 + -41 + 112 + -36.
20
What is the value of 71 + -97 + -1 + -18 - -124?
79
(22 - (-4 - (-24 + 12 + 2))) + 61
77
-12 - (-69 - ((3 - -9) + -13)) - -2
58
What is (-9 - -6 - 18 - -3) + 6?
-12
What is the value of 1 + (136 - (-136 - -143))?
130
Calculate (-17 - -33) + -13 + 18 - -22.
43
What is -1 - -8 - (-1217 + 1219)?
5
What is the value of -22 - ((-50 - -37) + 9)?
-18
Calculate 0 - (0 + 11) - (-12 - -6) - (61 - 44).
-22
4 + (-89 - -5) + (-6 - -6) + -278 + 284
-74
What is the value of (8 - -29) + -69 + 45 + 1 + 1?
15
Calculate -3 + (1 + 16 + (4 - 8) - 8).
2
What is -7 + 4 + -56 + (60 - 43) + -15?
-57
What is 210 - 124 - (15 + 51)?
20
Calculate (-4 - -52) + 14 + -27 - 17.
18
Calculate (-24 + 1 - -7 - (26 - 36)) + 0 + -64.
-70
Calculate -13 - (-1 - -3) - -8 - (1 - (-28 - -156)).
120
Evaluate -143 + 13 + -54 + 101.
-83
Evaluate (526 - 458) + -122 + -8.
-62
What is -1 + -2 + (42 - 29) + 94 + 0 + 8?
112
What is the value of -62 - -47 - (-10 + -25)?
20
What is the value of -9 + (18 - (-17 + 28)) + 11 + 46?
55
What is -19 - (-13 + -31 + 13 + -6) - 107?
-89
What is 63 + (-77 - -29) - 46?
-31
What is 12 + (-93 - (4 + -37 - -21))?
-69
Calculate 10 - (17 + -66 + 4).
55
What is the value of (8 - (23 - 10)) + 3 + (-8 - 49)?
-59
What is -18 - -1 - (-134 - (-78 - 107))?
-68
-11 + 25 + 7 + -7 + 6 + 8
28
-51 + (14 - 16 - 3) + -1 + 7 + -6
-56
What is the value of -30 - (-9 + (23 - 12 - 11) - -1)?
-22
Evaluate (-17 - (-9 + -60)) + -46 - (1 - 71).
76
What is (6 - (-4 - 7)) + (-49 - -18) + 132?
118
(3 - -3) + -98 + 79 + (1 - -1) + 125
114
-28 - (-4 + 0 + 6 + -5) - 11
-36
What is the value of -12 + (11 - (-3 - -5)) - ((2 - 66) + 6)?
55
What is the value of 36 + 34 - (51 + -21)?
40
Evaluate 8 - -9 - (443 + -449 - (-8 + 0)).
15
What is 82 - (-35 + 22 + -12 + 1)?
106
Evaluate -1 + (0 - -12) - (44 - (13 - -79) - 39).
98
What is the value of (-1 - 1) + (-14 - (7 - 15) - -43 - -17)?
52
What is (1 - (-9 - -17)) + (13 + -9 - 13)?
-16
What is -40 - (59 - 67 - (9 - 2))?
-25
Evaluate (-11 - (-45 - 7)) + (6 - (-2 - -6)).
43
-14 - ((-17 - (-51 - -12)) + -13)
-23
Calculate (1 - -5) + 9 - ((-5 - 0) + 7 + -42).
55
What is the value of (-38 - (-38 + -17)) + (2 - 39)?
-20
What is the value of 5 + (-9 + 1 + 35 + -72 - -3)?
-37
(20 - (28 + -60 + -19)) + -26
45
Calculate -53 - (-18 + 14 + -9) - (5 - (7 + -5)).
-43
Evaluate -22 - (6 + 18 - 31).
-15
What is the value of (5 + -1 + -2 - (2 + 4)) + -180 + 184?
0
Evaluate -24 - (-40 - -56) - -40.
0
Evaluate 26 + (6 - 25) + -15 - -44.
36
What is the value of 195 - ((-213 - -139) + 191)?
78
Calculate (-9 - -7) + 30 - (109 - 142).
61
Evaluate 170 + -162 + (0 - -6 - (-128 + 101)).
41
What is (-37 - 54) + 240 + -163?
-14
What is the value of 42 - 4 - (-97 + 113) - -19?
41
What is -65 + (5 - (10 + -29 - -6)) - -2?
-45
Evaluate (44 - (79 - 20)) + 50.
35
What is the value of -23 + 30 - (-24 - -59)?
-28
What is the value of -23 + (-7 - -12) - (-53 + 7 + -21)?
49
Evaluate -110 - ((-36 - 0) + 87 - 42).
-119
60 - (6 + -19 + (7 - (-24 + 1)))
43
200 - (158 + 67 + -77)
52
What is the value of (4 - -8 - 10 - 19 - -11) + (53 - -1)?
48
Calculate -5 + 24 + (11 - -5) + -19.
16
Calculate 31 + 25 + (-46 - -11) + 60.
81
What is -10 - (-34 + 37 + 6 + -2)?
-17
3 + (1 - 4) + 86 + -88 - -39
37
What is 0 + (13 - (67 + -21 + 26))?
-59
Evaluate (10 + (37 - 16) - (17 - 3)) + 8.
25
What is the value of -17 + 60 + -4 - (-2 + 3 - (2 + 4))?
44
What is the value of -7 + 38 - (1 - (-3 + 1))?
28
8 - (98 + -54 + 7)
-43
What is (-1 - -3) + -6 - (-34 - (-26 - -2))?
6
What is (9 + 13 + -178 + 25 - -5) + 6?
-120
What is 16 + 0 - (2285 - 2287)?
18
-23 + -5 + 23 - (-2 - 55) - (34 + -41)
59
Calculate -22 + 13 - (-191 - -185).
-3
10 - (8 - (-9 - (-8 + -14)) - 4 - -22)
-3
Calculate (29 + (-29 - -12) - -13) + -93.
-68
What is 2 - (-71 + -25 + -27 + 26)?
99
0 - -87 - (208 - 158)
37
What is the value of (28 - 38) + -5 + -26?
-41
Calculate -73 - -6 - (-44 + 11 + 15).
-49
Calculate -61 - -60 - (-6 + (4 + -11 - -13)).
-1
What is -10 + 2 - ((170 - 165 - (1 + 20)) + 24)?
-16
Calculate 24 - (4 + -14 + 0 + 0 - (-16 - -15)).
33
Calculate (-43 - (62 - 136)) + -8.
23
Calculate 8 + -3 + (-20 - (-4 - -5)) + (-43 - -51).
-8
What is the value of 15 + 2 + (1 - (-8 - -16)) + -16?
-6
Calculate -33 - (-44 + -2) - (0 + 55).
-42
16 - 112 - (-81 - 41)
26
-2 + 16 - (48 + 84 + -145)
27
What is -12 + (59 - 1) + -28 + -22?
-4
What is the value of (2481 - 2386) + -1 + -12 + -10?
72
Calculate 92 - (-7 + -12 + 31 + -15 - -9).
86
-1 + -6 - (-6429 + 6470)
-48
Calculate (208 - (-8 - -208)) + (-1 - (-78 + 2)).
83
Calculate -11 + 2 + 0 - (11 - (62 - 15)) - -12.
39
(56 + -330 - -120) + 0 + 43
-111
What is the value of 0 + -9 + 21 + (2 - -6) + -30 + 120?
110
What is -48 + (7 - ((-2 - -9) + 1 + 1 + -6))?
-44
-45 + 7 + (-21 - -7) - (6 + -3 - 3)
-52
Evaluate 35 + -2 + 4 + 14 + -2 + 263 + -291.
21
What is the value of -11 + 9 - 6 - (-8 - 0) - -12?
12
Calculate 62 - (40 + 58) - -18.
-18
(35 + -32 - -9) + -5 - -90
97
Evaluate -239 - -131 - -67 - 66.
-107
(-28 + 42 - (-3 + -4 + -3)) + 13
37
Calculate 0 + 47 - (-2 + -24 - (-157 - -120)).
36
Evaluate (-232 - -155 - -125) + -167.
-119
Calculate 5 + 32 + (-7 - (0 - -10 - 5) - -5).
30
What is -101 + (44 - 204